 47. Calculate the highest common divisor of y and g.
7
Let a = -27 - -37. What is the highest common divisor of 50 and a?
10
Let n be (28/(-8))/((-3)/6). Suppose y + n = 32. What is the greatest common factor of y and 5?
5
Let g(o) be the first derivative of o**4/4 - 4*o**3/3 + 2*o**2 - 5*o - 4. Let i be g(4). What is the greatest common factor of 11 and i?
11
Suppose 0*h = 2*h. Let k = h + -3. Let p be 54/k*(-1)/2. What is the highest common factor of p and 18?
9
Let w = 22 - 20. Let p be w/((14/52)/7). What is the greatest common factor of 78 and p?
26
Suppose h - 3*v - 39 = 0, -h + 4*v + 132 = 2*h. Calculate the highest common factor of h and 16.
16
Let w be (38/6)/(2/6). Suppose w = 3*g - 17. What is the highest common divisor of g and 6?
6
Let m be (36/(-15))/(4/(-170)). Suppose f - 3 - m = 0. What is the highest common divisor of f and 21?
21
Let y be -3 + -41*(3 + -2). Let k be ((-11)/(y/(-168)))/(-2). What is the highest common factor of 7 and k?
7
Let t = 550 + -289. Suppose -4*q + 6*q + 3*v = 558, 4*v - 274 = -q. Suppose 3*m = -3*l + q, 4*m = 2*l + l - t. What is the greatest common factor of l and 13?
13
Suppose -j + 8 = -2*j. Let o be 478/8 + (-2)/j. What is the highest common factor of o and 150?
30
Let v(q) = q**2 - 2*q + 6. Let c be v(12). Suppose -3*z = -26 - 28. Calculate the highest common factor of c and z.
18
Let s(t) = 19*t**3 + t**2 - 2*t + 2. Let p be s(2). Let g = 11 - 27. Let o be (-2 - g) + 2 - 2. What is the highest common factor of o and p?
14
Let q = 24 + -62. Let s = q - -78. What is the greatest common divisor of s and 16?
8
Let r = 9 - -19. Suppose 0*h = 4*h - r. Calculate the highest common divisor of h and 28.
7
Suppose -5*h + 19 = -6. Let u be (2/4)/(1/70). Calculate the greatest common divisor of h and u.
5
Let m(b) = 2*b**2 + 23*b - 2. Let y be m(-12). Calculate the greatest common divisor of 25 and y.
5
Suppose d + 600 = 6*d. Calculate the highest common divisor of 80 and d.
40
Let p be ((-18)/(-7))/((-170)/(-84) + -2). Calculate the highest common divisor of p and 12.
12
Suppose 5*h + 182 = -2*n + 3*n, 0 = -2*h. What is the highest common divisor of n and 26?
26
Let d = 27 + -6. Let h(b) = 2 + 2*b**2 + b - b**3 - 3*b + 4*b. Let p be h(-2). Calculate the highest common divisor of p and d.
7
Suppose -3*f = -5*h - 41, -2*f - 5*h = -3*h - 6. Let l(u) = -f - 8*u + 9 - u**2 + 9. Let b be l(-8). Calculate the highest common divisor of b and 33.
11
Let k = -175 - -328. Let m = -24 - -41. Calculate the highest common factor of m and k.
17
Let a(b) = b**2 - 5*b + 6. Let g(m) = 6*m**2 - m + 1. Let z be g(1). Let x be a(z). Calculate the highest common divisor of 84 and x.
12
Suppose -3*k - 48 = -234. Suppose -4*o = -4*v + 136, -3*v + v + 5*o + k = 0. Calculate the highest common divisor of v and 12.
12
Suppose a - 5*a - 10 = 3*t, t - 6 = a. Suppose -4*w - 2 + 18 = 0. Suppose -2*p = -0 - w. What is the highest common divisor of t and p?
2
Suppose -4*n + n = k - 44, 5*n - 45 = 4*k. Suppose -12 = -9*d + 1041. Calculate the greatest common divisor of d and n.
13
Let h = -16 + 27. Calculate the highest common divisor of h and 44.
11
Suppose 0*w = -3*w + 6. Suppose -w*a - 2*a + 360 = 0. What is the greatest common factor of a and 10?
10
Suppose -4 - 66 = 4*t - 2*v, v + 5 = 0. Let g = t - -26. Let a = -58 + 118. What is the greatest common divisor of a and g?
6
Suppose -4*d + 8 = -12. Suppose 5*b = -5*v + 15, -2*b = -3*b - d. Suppose -2*l = 4*k - 8, k - 24 - 6 = -4*l. What is the highest common factor of l and v?
8
Let v(s) = -3*s + 1. Let n be v(-1). Suppose -a = n*a - 150. Let i = 36 + -21. What is the highest common factor of i and a?
15
Let a = -11 - -33. Let t = 40 - a. Calculate the highest common factor of t and 18.
18
Suppose -5*c + 42 + 93 = 0. Calculate the highest common factor of c and 297.
27
Let j(m) = 4*m**3 - 1. Let i be j(1). Let w(y) = y**3 - 3*y**2 + 2. Let h be w(i). What is the highest common divisor of h and 3?
1
Let s be (-176)/20*1/((-2)/5). What is the highest common divisor of s and 11?
11
Suppose 0 = 3*m - 38 - 1. Calculate the highest common factor of 52 and m.
13
Let g(f) = -9*f + 3. Let b be g(-3). Let x = -9 + 5. Let o be -2 - -19 - 12/x. Calculate the highest common factor of o and b.
10
Let h be (-6)/(-4) - (-2)/4. Suppose -8 = -3*z + h*w, 2*z - 37 = -2*w - 3*w. Calculate the greatest common divisor of 2 and z.
2
Let r = -52 - -34. Let j be (r/4)/((-1)/2). Let v(f) = f**2 - 8*f. Let c be v(j). What is the greatest common divisor of c and 9?
9
Suppose 0*r + 30 = 2*r. What is the highest common divisor of r and 20?
5
Suppose -2*r - r + 12 = 0. Suppose -3*o + 5*s - 70 = 0, 0 = 4*o + 5*s + 119 + 21. Let h = -14 - o. What is the greatest common factor of r and h?
4
Let f(x) = 29*x**2 + x. Let m be f(1). Suppose 18 + 2 = -5*s - 5*k, s + 10 = 2*k. Let r be 17 - (s + 0)/(-3). What is the greatest common divisor of m and r?
15
Suppose 4*j + 18 = 50. Let z be ((-3)/6)/((-1)/(-6)) - -11. What is the greatest common divisor of j and z?
8
Let b = -43 + 46. Calculate the highest common divisor of b and 3.
3
Suppose -n - 2 = -0*n. Let t(c) = 17*c**2 - c. Let p be t(n). What is the highest common factor of 28 and p?
14
Suppose 5*i + 324 = 9*i. Calculate the highest common factor of 18 and i.
9
Let j(s) = -s**2 + 3 - s**2 + s**3 + s**2. Let l be j(0). Suppose -3*x - 45 = -4*q, 2*q = -2*q - l*x + 51. Calculate the greatest common factor of q and 30.
6
Let i(r) = 2*r**2 + 2*r - 9. Let s(m) = m + 1. Let w(z) = i(z) + 4*s(z). Let t be w(-5). Calculate the highest common factor of t and 3.
3
Suppose 4*n + i - 466 = 0, i - 4*i = n - 122. Suppose 2*y = n + 28. Calculate the highest common divisor of 9 and y.
9
Let v = -154 + 406. What is the greatest common factor of v and 28?
28
Suppose -10*j + 594 = j. Calculate the greatest common divisor of 72 and j.
18
Let r(b) = -3*b + 90. Let w be r(22). Calculate the highest common divisor of 36 and w.
12
Suppose -4*d = -439 - 89. Calculate the highest common factor of 22 and d.
22
Suppose 2*y = 3*j + 4*y - 13, -3*y = -3*j + 18. Suppose 0 = -j*z - 10. Let l be (1 + 0)/(z/(-196)). Calculate the highest common factor of l and 14.
14
Let q(i) = -i**3 - 13*i**2 - 3*i. Let w be q(-13). What is the greatest common divisor of 13 and w?
13
Let r = 105 + -40. Let k = -152 + 165. What is the greatest common divisor of k and r?
13
Let p = 0 + 6. Let a = -22 + 34. Calculate the greatest common divisor of a and p.
6
Suppose z - 21 = 3. Let k be 15 + (4/2)/2. Suppose -w + k = w. What is the highest common divisor of w and z?
8
Suppose -2*x = j + 2*j - 23, -20 = -2*x - 4*j. Calculate the greatest common divisor of x and 20.
4
Let a = -22 + 38. Let y = a + -7. What is the highest common divisor of 36 and y?
9
Let z be 2/(-5) - (-97)/5. Let i = 31 - z. What is the greatest common divisor of 84 and i?
12
Let b = -19 - -43. What is the highest common divisor of 6 and b?
6
Suppose 4*c = 39 + 121. Let n = 17 - 9. What is the greatest common divisor of n and c?
8
Let z = 2 + 3. Let m be z - 2 - -8 - -2. What is the highest common factor of 13 and m?
13
Let q(o) = -o**3 + 7*o**2 - o + 3. Let s be q(-5). Let v be 278/10 - 8/(-40). Calculate the highest common factor of s and v.
28
Let x = -5 + 4. Let o be (-2)/((-2)/x)*-4. Calculate the greatest common factor of o and 4.
4
Let h = -25 + 38. Suppose 31 = 4*d - h. Calculate the greatest common divisor of 88 and d.
11
Let o be ((-2)/2*-3)/1. Let t(j) = 3*j - j - o*j + 3*j - 7. Let u be t(7). Calculate the highest common factor of 14 and u.
7
Let u(z) = -z**2 - 4*z + 2. Suppose -4*b + 7 = -1. Suppose -1 + 7 = -b*p. Let a be u(p). What is the highest common divisor of 25 and a?
5
Suppose -5*b = y + 4, -b = -4*y + 1 + 67. What is the highest common factor of y and 40?
8
Let d(i) = -i**2 + 11*i - 4. Let o be d(10). Calculate the highest common factor of 12 and o.
6
Let r be 16/(-88) + 2202/11. Calculate the highest common factor of 25 and r.
25
Suppose -s = -1 + 2. Let a be (-14)/(s/(-5)*-2). What is the highest common divisor of 7 and a?
7
Let x(h) = -h**3 + 9*h**2 - 8*h + 3. Let m be 70/9 - 10/(-45). Let l be x(m). What is the greatest common factor of 9 and l?
3
Let z(o) = o**3 - 3*o**2 - 2*o + 1. Let j be z(4). Suppose 0 = -3*n + 8*n + c - 1, 